me factors of 1018551.
3, 339517
List the prime factors of 105700.
2, 5, 7, 151
What are the prime factors of 2177054?
2, 11, 17, 5821
List the prime factors of 526042.
2, 11, 23911
What are the prime factors of 3397534?
2, 7, 242681
List the prime factors of 375983.
375983
List the prime factors of 877727.
17, 51631
What are the prime factors of 2634710?
2, 5, 13, 1559
What are the prime factors of 2525980?
2, 5, 53, 2383
What are the prime factors of 1799049?
3, 7, 85669
List the prime factors of 6391554.
2, 3, 13, 81943
What are the prime factors of 372020?
2, 5, 11, 19, 89
What are the prime factors of 319313?
319313
List the prime factors of 27358644.
2, 3, 17, 41, 3271
List the prime factors of 937412.
2, 7, 33479
List the prime factors of 22147237.
7, 31, 102061
What are the prime factors of 22685218?
2, 37, 41, 7477
What are the prime factors of 4071617?
11, 370147
List the prime factors of 122982.
2, 3, 103, 199
What are the prime factors of 996920?
2, 5, 24923
What are the prime factors of 4239484?
2, 1059871
What are the prime factors of 1057391?
1057391
What are the prime factors of 10336908?
2, 3, 53, 16253
List the prime factors of 452565.
3, 5, 89, 113
What are the prime factors of 10625886?
2, 3, 590327
What are the prime factors of 15753490?
2, 5, 37, 42577
List the prime factors of 9078095.
5, 13, 139663
List the prime factors of 121225.
5, 13, 373
What are the prime factors of 260219?
17, 15307
What are the prime factors of 13900451?
71, 195781
What are the prime factors of 1155267?
3, 23, 5581
What are the prime factors of 5126828?
2, 7, 283, 647
List the prime factors of 12275260.
2, 5, 613763
What are the prime factors of 130301?
229, 569
List the prime factors of 223340.
2, 5, 13, 859
What are the prime factors of 188926?
2, 94463
What are the prime factors of 624660?
2, 3, 5, 29, 359
What are the prime factors of 4295740?
2, 5, 214787
What are the prime factors of 31243?
157, 199
What are the prime factors of 4986547?
4986547
What are the prime factors of 10331113?
13, 653, 1217
What are the prime factors of 90669?
3, 30223
What are the prime factors of 945305?
5, 189061
What are the prime factors of 297278?
2, 148639
List the prime factors of 498609.
3, 59, 313
What are the prime factors of 27696552?
2, 3, 13, 88771
What are the prime factors of 808283?
7, 115469
What are the prime factors of 18924620?
2, 5, 11, 13, 509
What are the prime factors of 720072?
2, 3, 73, 137
List the prime factors of 446210.
2, 5, 44621
What are the prime factors of 34177?
11, 13, 239
List the prime factors of 303501.
3, 11, 17, 541
List the prime factors of 119089.
119089
What are the prime factors of 295698?
2, 3, 13, 17, 223
List the prime factors of 6847257.
3, 37, 61687
What are the prime factors of 1968212?
2, 492053
What are the prime factors of 2228390?
2, 5, 222839
List the prime factors of 6760817.
7, 103, 9377
List the prime factors of 17480838.
2, 3, 31, 93983
List the prime factors of 18075792.
2, 3, 7, 23, 2339
What are the prime factors of 40518459?
3, 4502051
What are the prime factors of 88926?
2, 3, 14821
List the prime factors of 3882697.
7, 13, 42667
What are the prime factors of 1718409?
3, 7, 11, 43, 173
List the prime factors of 1382717.
7, 53, 3727
What are the prime factors of 1810840?
2, 5, 17, 2663
What are the prime factors of 1138334?
2, 53, 10739
What are the prime factors of 322958?
2, 31, 5209
List the prime factors of 175705.
5, 35141
List the prime factors of 141350.
2, 5, 11, 257
What are the prime factors of 3518448?
2, 3, 23, 3187
List the prime factors of 5963130.
2, 3, 5, 59, 1123
What are the prime factors of 1020907?
1020907
What are the prime factors of 2216168?
2, 277021
List the prime factors of 132643.
7, 2707
List the prime factors of 1253299.
31, 40429
What are the prime factors of 930335?
5, 7, 19, 1399
What are the prime factors of 107909?
29, 61
List the prime factors of 44108.
2, 11027
What are the prime factors of 3133368?
2, 3, 7, 6217
List the prime factors of 7783411.
7783411
What are the prime factors of 1627568?
2, 101723
What are the prime factors of 64330?
2, 5, 7, 919
List the prime factors of 10391603.
31, 335213
What are the prime factors of 128313?
3, 53, 269
List the prime factors of 2877259.
7, 11, 43, 79
What are the prime factors of 11239640?
2, 5, 19, 23, 643
List the prime factors of 333632.
2, 13, 401
List the prime factors of 115630.
2, 5, 31, 373
List the prime factors of 312408.
2, 3, 4339
List the prime factors of 3617488.
2, 7, 32299
List the prime factors of 919579.
199, 4621
List the prime factors of 349346.
2, 174673
What are the prime factors of 278294?
2, 347, 401
List the prime factors of 171859.
89, 1931
What are the prime factors of 510442?
2, 17, 15013
What are the prime factors of 14045408?
2, 13, 19, 1777
What are the prime factors of 1638907?
1638907
What are the prime factors of 15347686?
2, 7673843
List the prime factors of 172625.
5, 1381
List the prime factors of 6870510.
2, 3, 5, 97, 787
What are the prime factors of 20062?
2, 7, 1433
List the prime factors of 514276.
2, 7, 18367
List the prime factors of 4569018.
2, 3, 131, 5813
What are the prime factors of 4814583?
3, 1091, 1471
List the prime factors of 10377105.
3, 5, 149, 4643
List the prime factors of 13514802.
2, 3, 7, 151, 2131
What are the prime factors of 244700?
2, 5, 2447
List the prime factors of 218391.
3, 72797
List the prime factors of 433289.
29, 67, 223
List the prime factors of 18590663.
7, 13, 43, 4751
What are the prime factors of 255610?
2, 5, 25561
List the prime factors of 20625062.
2, 10312531
What are the prime factors of 15295258?
2, 11, 695239
List the prime factors of 3039778.
2, 7, 179, 1213
List the prime factors of 538502.
2, 269251
What are the prime factors of 129618?
2, 3, 19, 379
What are the prime factors of 554228?
2, 127, 1091
List the prime factors of 5919571.
7, 845653
List the prime factors of 9950964.
2, 3, 233, 3559
What are the prime factors of 4739064?
2, 3, 11, 29, 619
List the prime factors of 2893835.
5, 7, 89, 929
What are the prime factors of 12011?
12011
What are the prime factors of 2096143?
7, 61, 4909
List the prime factors of 3594019.
11, 13, 41, 613
What are the prime factors of 204026?
2, 102013
List the prime factors of 192808.
2, 7, 11, 313
What are the prime factors of 591515?
5, 17, 6959
List the prime factors of 288773.
288773
What are the prime factors of 44645314?
2, 7, 3188951
What are the prime factors of 51798?
2, 3, 89, 97
What are the prime factors of 212712?
2, 3, 8863
List the prime factors of 8703862.
2, 19, 199, 1151
What are the prime factors of 2510682?
2, 3, 418447
List the prime factors of 2499861.
3, 7, 13, 9157
What are the prime factors of 280170?
2, 3, 5, 11, 283
List the prime factors of 10039405.
5, 2007881
What are the prime factors of 16080606?
2, 3, 17, 5839
What are the prime factors of 3993650?
2, 5, 79873
List the prime factors of 223628.
2, 37, 1511
List the prime factors of 8930754.
2, 3, 7, 70879
What are the prime factors of 358629?
3, 173, 691
List the prime factors of 31349603.
157, 199679
List the prime factors of 2545833.
3, 848611
What are the prime factors of 544846?
2, 272423
List the prime factors of 1186525.
5, 31, 1531
What are the prime factors of 125018?
2, 17, 3677
What are the prime factors of 1423604?
2, 7, 13, 3911
List the prime factors of 283833.
3, 11, 47, 61
What are the prime factors of 276659?
19, 14561
List the prime factors of 625216.
2, 9769
List the prime factors of 350118.
2, 3, 53, 367
List the prime factors of 11937569.
7, 37, 46091
What are the prime factors of 32144648?
2, 4018081
List the prime factors of 2749454.
2, 251, 5477
What are the prime factors of 17235?
3, 5, 383
List the prime factors of 328073.
19, 31, 557
List the prime factors of 42373.
42373
List the prime factors of 25520.
2, 5, 11, 29
What are the prime factors of 29972?
2, 59, 127
What are the prime factors of 1451646?
2, 3, 7, 41, 281
List the prime factors of 400487.
47, 8521
List the prime factors of 318221.
223, 1427
List the prime factors of 171189.
3, 23, 827
What are the prime factors of 690375?
3, 5, 7, 263
What are the prime factors of 159688?
2, 19961
What are the prime factors of 259359?
3, 